
-873
Let q(i) = -100*i**2 - 715*i - 1213. What is q(-2)?
-183
Let x(t) = -t**2 + 83*t + 7694. What is x(-55)?
104
Let r(l) = -22*l**2 - 7800*l + 182255. Determine r(22).
7
Let i(k) = 35*k - 9035. What is i(258)?
-5
Let k(m) = 3*m**2 + 3357*m - 314766. What is k(87)?
0
Let z(q) = q**3 - 128*q**2 - 88434. Give z(133).
11
Let z(w) = -5*w**3 + 38*w**2 - 346*w + 2850. What is z(8)?
-46
Let t(s) = -24*s**2 - 7965*s - 190866. Calculate t(-26).
0
Let k(p) = 3*p**3 + 551*p**2 + 2705*p + 35621. Calculate k(-179).
0
Let c(t) = -t**3 - 83*t**2 + 588*t - 451. Determine c(6).
-127
Let s(q) = 183125*q - 1831241. Determine s(10).
9
Let a(u) = -38*u**2 - 1338*u + 1030. What is a(-36)?
-50
Let j(q) = 3*q**2 - 833*q + 6626. What is j(269)?
-368
Let v(d) = -3*d**3 + 150*d**2 - 159*d - 12. What is v(49)?
-600
Let w(y) = -y**3 - 15*y**2 - 177*y - 639. Give w(-10).
631
Let s(l) = -70*l - 5770. Determine s(-76).
-450
Let i(z) = -256*z**2 - 4351*z + 63. Calculate i(-17).
46
Let u(h) = h**3 - 29*h**2 + 128*h - 115. Determine u(24).
77
Let y(g) = -g**3 + 31*g**2 + 2113*g + 1339. Determine y(64).
1403
Let z(k) = 7346*k - 308533. Give z(42).
-1
Let z(h) = -24*h**2 + 95*h - 141. Calculate z(10).
-1591
Let n(a) = 3428*a - 826019. Give n(241).
129
Let p(k) = -695*k**2 - 627*k + 626. Determine p(1).
-696
Let x(v) = 1187*v - 3205. What is x(2)?
-831
Let j(s) = 1228*s - 455577. What is j(371)?
11
Let h(m) = m**3 + 82*m**2 + 152*m + 3850. What is h(-81)?
-1901
Let b(l) = 868*l + 133767. What is b(-154)?
95
Let h(i) = 21511*i**2 + 903462*i + 62. Give h(-42).
62
Let o(p) = 19*p**2 + 1338*p + 3106. Calculate o(-68).
-22
Let o(r) = 2*r**3 + 26*r**2 + 38*r - 81. Give o(-10).
139
Let l(q) = 430*q - 142331. What is l(331)?
-1
Let p(y) = 136*y**3 + 2*y**2 + 198*y - 592. What is p(3)?
3692
Let z(s) = -2417*s - 210279. Calculate z(-87).
0
Let w(x) = 6*x**2 - 418*x + 5797. Calculate w(14).
1121
Let w(h) = -191*h**3 + 9*h**2 - 2*h - 6. Give w(1).
-190
Let d(j) = 820*j - 820. Determine d(1).
0
Let f(u) = -21*u**3 + 3316*u**2 + 327*u - 1901. Calculate f(158).
-163
Let r(k) = -6*k**2 + 34*k + 350. Calculate r(-8).
-306
Let v(m) = m**3 + 436*m**2 - 8*m - 8. Calculate v(0).
-8
Let t(o) = o**3 + 37*o**2 + 199*o + 395. Determine t(-31).
-8
Let o(t) = 26*t**2 - 42*t + 617. Calculate o(7).
1597
Let x(g) = 942*g**2 - 6560*g - 167. Give x(7).
71
Let r(h) = -135*h - 16079. Determine r(-116).
-419
Let s(v) = -2*v**3 - 803*v**2 + 340*v - 24891. Give s(-402).
33
Let q(k) = 20828*k + 83303. Give q(-4).
-9
Let y(q) = -6*q**2 - 1863*q - 29596. Determine y(-16).
-1324
Let z(w) = -20854*w + 5588937. Determine z(268).
65
Let q(u) = u**3 + 13*u**2 + 30*u + 173. What is q(11)?
3407
Let w(m) = -2271*m - 7481. Calculate w(-3).
-668
Let u(n) = -5198*n + 124504. Give u(24).
-248
Let m(y) = y**3 + 56*y**2 - 81*y - 1432. Give m(-57).
-64
Let z(u) = u**3 + 326*u**2 - 691*u - 118597. Determine z(-327).
431
Let a(p) = -p**2 + 168*p - 825. Give a(154).
1331
Let z(y) = 20511*y - 451173. Determine z(22).
69
Let s(i) = -i**2 - 32*i - 564. Give s(-17).
-309
Let s(q) = 2*q**2 + 939*q + 22221. Determine s(-25).
-4
Let d(u) = -591*u - 16667. What is d(-28)?
-119
Let d(g) = g**2 + 526*g + 7720. Determine d(-15).
55
Let s(k) = 18*k**2 + 1807*k - 16240. Give s(9).
1481
Let u(a) = a**3 + 20*a**2 - 25*a + 396. Determine u(-16).
1820
Let m(x) = -115*x**2 + 47*x + 6. Give m(1).
-62
Let h(d) = 2*d**2 + 3035*d + 27128. Calculate h(-9).
-25
Let j(g) = -795*g - 16700. Determine j(-21).
-5
Let f(k) = -4*k**3 + 411*k**2 + 437*k - 34414. Calculate f(103).
-12
Let p(g) = g**2 - 1009*g + 37847. Calculate p(39).
17
Let q(l) = -2*l**3 + 16*l**2 + 114*l - 850. Give q(9).
14
Let w(s) = -41*s**2 - 765*s - 2639. Calculate w(-5).
161
Let s(r) = 44040*r - 616759. Determine s(14).
-199
Let r(n) = 3*n**3 - 46*n**2 - 8352*n - 91. Give r(61).
214
Let f(g) = 482714*g - 965422. What is f(2)?
6
Let w(l) = 5*l**2 + 1612*l + 39098. Determine w(-296).
26
Let z(v) = 3*v**2 + 62947*v + 314718. What is z(-5)?
58
Let v(i) = 2*i**3 + 872*i**2 + 11818*i + 886. What is v(-422)?
42
Let g(t) = 9*t**3 + 9*t**2 - 2222*t + 13324. Calculate g(6).
2260
Let s(t) = t**2 + 79*t + 618. Determine s(-83).
950
Let u(p) = 2*p**3 + 205*p**2 + 1205*p - 4086. Give u(-96).
42
Let m(y) = 19147*y + 402132. Give m(-21).
45
Let p(m) = 5*m**2 - 276*m - 5970. Determine p(72).
78
Let u(n) = -2*n**2 - 494*n + 15972. Determine u(-276).
-36
Let o(c) = -95*c**2 - 1273*c - 6424. Calculate o(-5).
-2434
Let s(h) = 39697*h - 277879. Calculate s(7).
0
Let p(z) = 4*z**3 + 111*z**2 - 844*z + 171. Calculate p(-34).
-33
Let s(d) = 28054*d + 12596243. Calculate s(-449).
-3
Let p(s) = -7*s**2 + 8513*s - 33911. What is p(4)?
29
Let i(q) = -4354313*q + 26125898. What is i(6)?
20
Let p(v) = -v**3 + 180*v**2 - 714*v + 1297. Give p(176).
-463
Let p(h) = 767*h + 39226. What is p(-51)?
109
Let u(m) = m**3 + 36*m**2 - 146*m + 2442. Give u(-41).
23
Let b(y) = 10*y**3 - 690*y**2 - 706*y + 425. What is b(70)?
5
Let z(f) = -3378*f + 26910. Give z(8).
-114
Let q(j) = -378*j**3 - 3*j**2 - 30*j - 58. Determine q(-2).
3014
Let o(h) = 4*h**3 + 52*h**2 + 10*h - 63. Determine o(1).
3
Let d(m) = 1624*m + 733. What is d(0)?
733
Let k(x) = -2590*x**2 - 23292*x + 77. What is k(-9)?
-85
Let t(r) = 10*r**3 - 1655*r**2 - 2513*r + 1330. What is t(167)?
-6
Let h(d) = -6166*d + 166485. Give h(27).
3
Let n(z) = 47430*z + 379264. Determine n(-8).
-176
Let s(c) = 40*c**2 - 618*c + 53. Calculate s(16).
405
Let n(s) = 1159*s - 97586. Calculate n(85).
929
Let m(r) = -r**2 + 628*r - 24541. Calculate m(42).
71
Let x(b) = -1499*b - 1766. Calculate x(-2).
1232
Let d(b) = -224*b + 14942. Determine d(68).
-290
Let v(k) = -3*k**3 + 63*k**2 - 114*k - 57. What is v(19)?
-57
Let a(n) = 8*n**2 + 95*n + 519. Determine a(-6).
237
Let c(t) = t**3 - 3*t**2 + 47*t + 65. Determine c(-8).
-1015
Let w(r) = -r**3 + 2*r**2 + 111*r - 487. Give w(5).
-7
Let j(q) = -3*q**2 - 19*q + 18667. Give j(75).
367
Let w(u) = -2266*u - 20412. Determine w(-9).
-18
Let o(h) = 219*h + 5731. Determine o(-25).
256
Let w(a) = -11*a**2 + 4384*a - 132684. Give w(33).
9
Let x(k) = k**3 + 3511*k**2 + 111149*k - 5721. Calculate x(-32).
7
Let y(r) = -r**3 - 20*r**2 + 139*r - 205. Give y(2).
-15
Let t(m) = 23*m**3 - 80*m**2 + 21*m - 26. Give t(4).
250
Let d(x) = 3*x**3 - 164*x**2 - 440*x + 2178. What is d(57)?
-159
Let x(w) = -w**3 + 11*w**2 + 152*w - 1523. Give x(9).
7
Let c(t) = -6*t**2 + 399*t - 953. Determine c(64).
7
Let p(a) = 19326*a + 57987. What is p(-3)?
9
Let x(r) = 10*r**2 - 534*r - 3196. Give x(58).
-528
Let y(g) = 125*g + 29285. Calculate y(-235).
-90
Let j(h) = -1573*h + 122510. Give j(78).
-184
Let t(n) = 7*n**3 - 65*n**2 - n - 13. Give t(5).
-768
Let d(c) = -12319*c - 98334. What is d(-8)?
218
Let k(l) = 2245*l + 199812. What is k(-89)?
7
Let g(w) = w**3 - 164*w**2 - 777*w - 41332. What is g(170)?
-22
Let f(w) = 1206*w - 260519. Calculate f(216).
-23
Let k(y) = -8654*y + 138468. What is k(16)?
4
Let f(n) = -9*n - 2624. Determine f(-272).
-176
Let r(v) = -1955224*v + 11731342. Determine r(6).
-2
Let f(k) = -k**3 + 8*k**2 - 145*k + 1018. What is f(7)?
52
Let f(j) = 2*j**2 + 855*j + 30675. What is f(-388)?
23
Let v(z) = -13712*z + 54849. Calculate v(4).
1
Let z(v) = -5*v**3 + 279*v**2 + 56*v - 100. Give z(56).
-100
Let l(x) = x**2 - 5137*x - 108306. What is l(-21)?
12
Let a(z) = 84*z**2 + 1063*z + 19. Calculate a(-13).
396
Let z(k) = 104491*k + 626954. What is z(-6)?
8
Let k(b) = -10784*b + 97066. Give k(9).
10
Let w(y) = y**3 - 10*y**2 + 560*y - 1621. Calculate w(3).
-4
Let i(r) = 30*r**3 - 677*r**2 - 287*r - 416. Determine i(23).
-140
Let x(b) = 4*b**2 - 2183*b + 76769. Calculate x(508).
61
Let s(y) = 29*y**2 - 2644*y + 17091. Give s(7).
4
Let h(j) = -6*j**2 - 408*j - 1301. Determine h(-3).
-131
Let r(g) = 86*g**2 + 3067*g - 18267. Determine r(6).
3231
Let c(g) = 841*g + 2714. Determine c(-3).
191
Let u(b) = -21*b**3 + b**2 + 2. What is u(1)?
-18
Let r(n) = 435036*n - 3915317. Determine r(9).
7
Let m(h) = 1531*h - 3102. Determine m(2).
-40
Let u(i) = -i**3 - 16*i**2 - 113*i - 748. What is u(-12)?
32
Let o(i) = -5*i**3 - 40*i**2 - 4*i - 119. What is o(-11)?
1740
Let j(c) = c**3 + 66*c**2 + 1038*c + 551. Determine j(-41).
18
Let n(k) = 819541*k - 2458638. Determine n(3).
